 56 + -33. Let l = g + -8. What is the tens digit of l?
1
Suppose o + 4*o = 245. What is the units digit of o?
9
Let u = -7 - -20. Suppose -2*a + 0*k - 3*k = -u, 0 = -3*a + 4*k - 6. Suppose 4*q - 36 = -h + a*h, 0 = q - 3*h + 2. What is the units digit of q?
0
Let r(m) = -m**2 + 7*m + 2. Suppose 12 + 0 = 4*p. Suppose -b = -0*t + 2*t - 15, 2*t - 29 = -p*b. What is the units digit of r(b)?
2
Suppose 3*w - 3*h - 42 = 0, -2*w - 2*h = -0*w - 32. Let d be (-40)/w*3/(-2). Let g(j) = -j**2 + 6*j - 1. What is the units digit of g(d)?
7
Suppose 3*c - 74 + 23 = 0. Suppose 5*d - c = 8. What is the units digit of d?
5
Suppose 0 = -3*b - 5*m + 59, 4*b - 5*m - 23 = 9. Suppose 14 = 4*p + s - b, 4*p - 5*s = 33. Suppose 2*z = p*z - 20. What is the units digit of z?
4
Let i = 64 - 42. What is the units digit of i?
2
Suppose -p - 5 + 35 = 0. What is the tens digit of p?
3
Suppose h - 2*k = 1, -5*k - 8 + 5 = -2*h. Let u = 2 + h. What is the units digit of u?
1
Suppose -2*b - 5*w + 107 = 0, 5*b + 0*w + 4*w = 225. What is the tens digit of b?
4
Suppose 0 = -5*q + 6*q. Suppose -5*c + 10*c - 160 = q. What is the tens digit of c?
3
Suppose 158 + 107 = 5*s. What is the tens digit of s?
5
Let t(j) = j**2 + 1. Let w be t(0). Let s be 3*1*w/(-3). What is the units digit of (0 - s)/((-2)/(-8))?
4
Suppose 2*q = 3*q - 3*r - 11, -q + 2*r + 6 = 0. Suppose -16 - 20 = -4*h. Let d = q + h. What is the units digit of d?
5
What is the units digit of ((-32)/(-20))/(6/375)?
0
Let v(j) = j**2 - 4*j + 4. What is the tens digit of v(6)?
1
Let o(i) = -i**2 + 12*i + 8. What is the tens digit of o(11)?
1
Suppose 3*x = 27 - 6. Let a = x + 52. Suppose -4*l + a = -13. What is the units digit of l?
8
Suppose 0 = 3*c - 28 - 26. Suppose -8*x + 4*x = -i, 2*x = -i + c. What is the units digit of i?
2
Let g be 437 + (-6)/3 + 3. What is the units digit of g/36 - (-2)/(-12)?
2
Let h(d) = -4*d**3 - 12*d**2 - 5*d - 1. Let w(n) = n**3 + n**2 - n. Let f(y) = -h(y) - 3*w(y). What is the units digit of f(-8)?
1
Suppose 9*q - 20 = 4*q, -3*h - 1 = -4*q. What is the units digit of h?
5
Suppose -12*u = -10*u - 776. What is the tens digit of u?
8
Let f(q) = -q**2 - 3*q - 4. Let v be f(-5). Let a = v - -26. What is the tens digit of a?
1
Suppose -1 = -2*n + n. What is the units digit of n?
1
Let j(t) = -t + 6. Let r(w) = -w + 3. Let a(o) = -3*j(o) + 5*r(o). What is the units digit of a(-4)?
5
Let y = 26 - -401. What is the tens digit of y?
2
Let n be -1 + 2 + -3 + 8. Suppose 0 = -3*o + n + 3. Suppose -l = 3*y - 6, o*l = 3*y - 2*y + 8. What is the units digit of y?
1
Let w = 39 - 85. Let g = -27 - w. What is the tens digit of g?
1
Let v = -13 - -25. Let z = 4 + v. What is the tens digit of z?
1
Let b(y) = -4 - 5 + 2*y + 5 + 0*y. What is the units digit of b(5)?
6
Let c = 63 - -7. What is the tens digit of c?
7
Suppose -4*w + 3*a = -2*a - 637, -3*w + 501 = 4*a. What is the units digit of w?
3
Let o be 2 + (3*31)/(-3). Let w = 13 + o. Let z = w + 25. What is the units digit of z?
9
Let k(z) = -z + 12. Let p be k(12). What is the units digit of 12 - p*2/(-6)?
2
Let q be ((-2)/2)/(-1) + 0. Let v(a) = a + 1. What is the units digit of v(q)?
2
Let x = 145 - -4. What is the hundreds digit of x?
1
Let j(p) = -9*p + 10. Let r(i) = 5*i - 5. Let m(l) = -3*j(l) - 5*r(l). Let v(u) = -2*u - 5. Let s be v(-6). What is the units digit of m(s)?
9
Let p = 5 + -8. Let i be 6/(p/(-30)*2). Suppose 3*n - 36 - i = 0. What is the tens digit of n?
2
Suppose -7*a = -6*a - 251. What is the hundreds digit of a?
2
Let p(a) = -18*a**3 - 2*a**2 - 5*a. Let o(t) = -9*t**3 - t**2 - 2*t. Let s(d) = -5*o(d) + 2*p(d). Let z be s(1). What is the units digit of 30/9*12/z?
4
Suppose v + 18 = 90. What is the tens digit of v?
7
What is the units digit of 21 - (-7)/((-14)/(-6))?
4
Let h be 5*5/((-25)/(-2)). Suppose -s = h*o, -2*s + 2*o = -0*o - 24. Suppose 3*b + 35 = s*b. What is the units digit of b?
7
Let j be 1/(-2)*-2 + -1. Let i(c) = c**3 - 5*c**2 + 3*c + 2. Let n be i(4). Let m = j - n. What is the units digit of m?
2
Let d(l) = 4*l**3 - 3*l**2 + 1. What is the tens digit of d(2)?
2
Let k(s) = s**3 - 9*s**2 + 5. Let h be k(9). Let m = -3 + h. Suppose 9 = -o - 2*n - n, m*o + 2*n = -2. What is the units digit of o?
3
Suppose -v = 2 - 4. Suppose -v*x = -x - 18. What is the tens digit of x?
1
Suppose 0 = 5*p - 3*p - 14. Let f(w) = w**3 - 7*w**2 + 5*w + 2. What is the units digit of f(p)?
7
Let b(l) = 10*l**2 + 25*l - 15. Let v(x) = 3*x**2 + 8*x - 5. Let g(k) = 2*b(k) - 7*v(k). Suppose 0 = -m + 1 - 7. What is the units digit of g(m)?
5
Let g(x) = 8*x - 3. Let v be g(3). Let i = -12 + v. What is the units digit of i?
9
Let l be (-3)/5 - (-13)/5. Suppose 2*j + l*j - 103 = 3*g, -5*j = -4*g - 130. What is the units digit of j?
2
Suppose 3*n - 9 + 2 = -r, -2*r - 16 = -4*n. Suppose n*q = 7*q - 100. What is the units digit of q?
5
Let y = -22 + 6. What is the units digit of 152/(y/(-4)) - 4?
4
Let u be 5 + (-3)/6*-2. Let k = u + -3. What is the units digit of k?
3
What is the tens digit of 14 - (9/45 + 18/10)?
1
Suppose 0 = 5*t + 5*s - 210, -t + 4*t = -5*s + 130. What is the units digit of t?
0
Let b = -62 - -116. What is the tens digit of b?
5
Let j(g) = g**3 + 8*g**2 + 6*g - 3. Suppose 0 = 4*a + 9 + 19. Let z be j(a). Suppose 0 = -2*t + z*p + 26, -t + 32 = -5*p + 10. What is the units digit of t?
7
Let q(i) = -i**2 - 16*i + 9. What is the units digit of q(-16)?
9
Let c(t) = t**3 + 6*t**2 + 7*t + 6. Let g be c(-5). Let h(o) = 2*o**2 + 5*o + 4. What is the tens digit of h(g)?
1
Let j(i) = -i**3 - 3*i - 3. What is the tens digit of j(-3)?
3
Let n(t) = -5*t - 1. Let q(w) = -3*w. Let x(l) = -4*n(l) + 7*q(l). Let d be x(4). Let r(s) = s + 11. What is the tens digit of r(d)?
1
Let h be 2/1 + 3 + -5. Suppose 5*w - w = h. Suppose 1 + w = y + u, -y - 5*u - 15 = 0. What is the units digit of y?
5
Suppose 5*g = 14*l - 9*l + 700, 20 = 5*l. What is the tens digit of g?
4
What is the tens digit of ((-1656)/(-45))/((-4)/(-10))?
9
Let p = -6 - -23. Let o = -25 + p. What is the units digit of o/(-10)*(-75)/(-10)?
6
Let n(l) = -l**3 + 4*l**2 + 3*l + 7. Let p be n(5). Let d = p - -13. What is the tens digit of d?
1
Suppose w + w - 182 = 0. What is the units digit of w?
1
Let b = -4 + 7. Suppose -b*o + 2*o = -4*h + 68, 3*h + 4*o - 51 = 0. What is the units digit of h?
7
Let u be 3 + -3 + 0 - -4. Suppose 0 = -j - u + 11. What is the units digit of j?
7
Let x(b) = -46*b - 1. Let l be x(-1). Let t be (6/(-4))/(2/(-4)). Suppose -2*f - t*f = -l. What is the units digit of f?
9
Let f(r) = -4*r**3 + 5*r**2 - 2*r - 7. Let y(p) = p**3 + p + 1. Let x(d) = f(d) + 3*y(d). What is the units digit of x(4)?
6
Let z be (8/6)/(2/3). Let t be 6/(-5)*(-5)/z. Suppose -5*k + t*l = -46, -5*k - 5*l + 38 = -4*l. What is the units digit of k?
8
Let q = 59 + -32. Let n = q + -19. What is the units digit of n?
8
Suppose 2*j + 56 = 3*d + 21, -4*d + 56 = -5*j. What is the units digit of d?
9
What is the tens digit of (34/(-2))/(7/(-7))?
1
What is the tens digit of (10*(-2)/25)/((-4)/630)?
2
Let h(o) be the first derivative of 2*o**3/3 + o**2 - o + 5. What is the tens digit of h(-3)?
1
Let r = -23 - -10. Let x = 15 - r. What is the tens digit of x?
2
Suppose 3 = -m - 2*m. Let b(w) = 7*w**2 + w. What is the units digit of b(m)?
6
Let h = -15 + 126. Let c = h - 66. What is the units digit of c?
5
Let n(r) = -16*r**2 + 20*r**2 + 8*r**2. What is the tens digit of n(-1)?
1
Let j(x) = 20*x + 1. What is the units digit of j(4)?
1
Suppose 9*q - 319 = 8*q. What is the tens digit of q?
1
Suppose -3*u = -21 - 0. Let g(h) = -h**3 + 7*h**2 + 2. What is the units digit of g(u)?
2
What is the units digit of (-7)/(-28) - 153/(-12)?
3
Let x = -139 + 290. What is the tens digit of x?
5
Let y = 2 + -1. What is the units digit of (4 - y)/3*3?
3
What is the units digit of 286/4 - (-9)/18?
2
Let f(p) = p**2 - 14*p + 16. What is the tens digit of f(14)?
1
Let h = 2 + 2. Let d(c) = 3 + c**2 + 5*c - 2 + h. What is the units digit of d(-4)?
1
Let w(x) = 7*x**2 + 6*x - 1. What is the tens digit of w(4)?
3
Let x be (-22 - (-9)/3) + 1. Let s(c) = 2*c**2 + c - 4. Let r be s(4). Let w = x + r. What is the tens digit of w?
1
Let w = 41 + -22. What is the tens digit of w?
1
Suppose 1 = 3*h - 5. Suppose -h*i = 4*q - 5 - 11, -i + 4 = 0. Wha